[INFO] cloning repository https://github.com/antialize/agrippa
[INFO] running `Command { std: "git" "-c" "credential.helper=" "-c" "credential.helper=/workspace/cargo-home/bin/git-credential-null" "clone" "--bare" "https://github.com/antialize/agrippa" "/workspace/cache/git-repos/https%3A%2F%2Fgithub.com%2Fantialize%2Fagrippa", kill_on_drop: false }`
[INFO] [stderr] Cloning into bare repository '/workspace/cache/git-repos/https%3A%2F%2Fgithub.com%2Fantialize%2Fagrippa'...
[INFO] running `Command { std: "git" "rev-parse" "HEAD", kill_on_drop: false }`
[INFO] [stdout] 572127a51e9b0a5b8dc224fa3857d8a584ee2ca3
[INFO] checking antialize/agrippa against master#cfbc6d4cf1acbac5c025acf8ed68929caa551df3 for pr-75494-beta
[INFO] running `Command { std: "git" "clone" "/workspace/cache/git-repos/https%3A%2F%2Fgithub.com%2Fantialize%2Fagrippa" "/workspace/builds/worker-3/source", kill_on_drop: false }`
[INFO] [stderr] Cloning into '/workspace/builds/worker-3/source'...
[INFO] [stderr] done.
[INFO] validating manifest of git repo https://github.com/antialize/agrippa on toolchain cfbc6d4cf1acbac5c025acf8ed68929caa551df3
[INFO] running `Command { std: "/workspace/cargo-home/bin/cargo" "+cfbc6d4cf1acbac5c025acf8ed68929caa551df3" "read-manifest" "--manifest-path" "Cargo.toml", kill_on_drop: false }`
[INFO] started tweaking git repo https://github.com/antialize/agrippa
[INFO] finished tweaking git repo https://github.com/antialize/agrippa
[INFO] tweaked toml for git repo https://github.com/antialize/agrippa written to /workspace/builds/worker-3/source/Cargo.toml
[INFO] crate git repo https://github.com/antialize/agrippa already has a lockfile, it will not be regenerated
[INFO] running `Command { std: "/workspace/cargo-home/bin/cargo" "+cfbc6d4cf1acbac5c025acf8ed68929caa551df3" "fetch" "--locked" "--manifest-path" "Cargo.toml", kill_on_drop: false }`
[INFO] [stderr]  Downloading crates ...
[INFO] [stderr]   Downloaded bindgen v0.54.0
[INFO] running `Command { std: "docker" "create" "-v" "/var/lib/crater-agent-workspace/builds/worker-3/target:/opt/rustwide/target:rw,Z" "-v" "/var/lib/crater-agent-workspace/builds/worker-3/source:/opt/rustwide/workdir:ro,Z" "-v" "/var/lib/crater-agent-workspace/cargo-home:/opt/rustwide/cargo-home:ro,Z" "-v" "/var/lib/crater-agent-workspace/rustup-home:/opt/rustwide/rustup-home:ro,Z" "-e" "SOURCE_DIR=/opt/rustwide/workdir" "-e" "CARGO_TARGET_DIR=/opt/rustwide/target" "-e" "CARGO_HOME=/opt/rustwide/cargo-home" "-e" "RUSTUP_HOME=/opt/rustwide/rustup-home" "-w" "/opt/rustwide/workdir" "-m" "1610612736" "--user" "0:0" "--network" "none" "rustops/crates-build-env@sha256:a636fd89d022f18117e1dc8fb37a0a009933cdbbe082814857f0e2024962d47c" "/opt/rustwide/cargo-home/bin/cargo" "+cfbc6d4cf1acbac5c025acf8ed68929caa551df3" "metadata" "--no-deps" "--format-version=1", kill_on_drop: false }`
[INFO] [stdout] 53cde84aa7b356b060894d0d37f0cdbfa58d5e2de3ba22a7419ff2d0236a88f3
[INFO] [stderr] WARNING: Your kernel does not support swap limit capabilities or the cgroup is not mounted. Memory limited without swap.
[INFO] running `Command { std: "docker" "start" "-a" "53cde84aa7b356b060894d0d37f0cdbfa58d5e2de3ba22a7419ff2d0236a88f3", kill_on_drop: false }`
[INFO] running `Command { std: "docker" "inspect" "53cde84aa7b356b060894d0d37f0cdbfa58d5e2de3ba22a7419ff2d0236a88f3", kill_on_drop: false }`
[INFO] running `Command { std: "docker" "rm" "-f" "53cde84aa7b356b060894d0d37f0cdbfa58d5e2de3ba22a7419ff2d0236a88f3", kill_on_drop: false }`
[INFO] [stdout] 53cde84aa7b356b060894d0d37f0cdbfa58d5e2de3ba22a7419ff2d0236a88f3
[INFO] running `Command { std: "docker" "create" "-v" "/var/lib/crater-agent-workspace/builds/worker-3/target:/opt/rustwide/target:rw,Z" "-v" "/var/lib/crater-agent-workspace/builds/worker-3/source:/opt/rustwide/workdir:ro,Z" "-v" "/var/lib/crater-agent-workspace/cargo-home:/opt/rustwide/cargo-home:ro,Z" "-v" "/var/lib/crater-agent-workspace/rustup-home:/opt/rustwide/rustup-home:ro,Z" "-e" "SOURCE_DIR=/opt/rustwide/workdir" "-e" "CARGO_TARGET_DIR=/opt/rustwide/target" "-e" "CARGO_INCREMENTAL=0" "-e" "RUST_BACKTRACE=full" "-e" "RUSTFLAGS=--cap-lints=forbid" "-e" "CARGO_HOME=/opt/rustwide/cargo-home" "-e" "RUSTUP_HOME=/opt/rustwide/rustup-home" "-w" "/opt/rustwide/workdir" "-m" "1610612736" "--user" "0:0" "--network" "none" "rustops/crates-build-env@sha256:a636fd89d022f18117e1dc8fb37a0a009933cdbbe082814857f0e2024962d47c" "/opt/rustwide/cargo-home/bin/cargo" "+cfbc6d4cf1acbac5c025acf8ed68929caa551df3" "check" "--frozen" "--all" "--all-targets" "--message-format=json", kill_on_drop: false }`
[INFO] [stdout] e48c5e878c92b9c6c78c2fa6c4d4682dd1d426e7501dd43a4d2aa7042ddc49fc
[INFO] [stderr] WARNING: Your kernel does not support swap limit capabilities or the cgroup is not mounted. Memory limited without swap.
[INFO] running `Command { std: "docker" "start" "-a" "e48c5e878c92b9c6c78c2fa6c4d4682dd1d426e7501dd43a4d2aa7042ddc49fc", kill_on_drop: false }`
[INFO] [stderr]    Compiling libc v0.2.71
[INFO] [stderr]    Compiling memchr v2.3.3
[INFO] [stderr]    Compiling autocfg v1.0.0
[INFO] [stderr]    Compiling cc v1.0.54
[INFO] [stderr]    Compiling glob v0.3.0
[INFO] [stderr]    Compiling version_check v0.9.2
[INFO] [stderr]    Compiling lazy_static v1.4.0
[INFO] [stderr]    Compiling bitflags v1.2.1
[INFO] [stderr]     Checking cfg-if v0.1.10
[INFO] [stderr]    Compiling proc-macro2 v1.0.18
[INFO] [stderr]    Compiling regex-syntax v0.6.18
[INFO] [stderr]    Compiling getrandom v0.1.14
[INFO] [stderr]    Compiling ansi_term v0.11.0
[INFO] [stderr]    Compiling termcolor v1.1.0
[INFO] [stderr]    Compiling shlex v0.1.1
[INFO] [stderr]     Checking ppv-lite86 v0.2.8
[INFO] [stderr]    Compiling thread_local v1.0.1
[INFO] [stderr]    Compiling log v0.4.8
[INFO] [stderr]    Compiling aho-corasick v0.7.10
[INFO] [stderr]    Compiling nom v5.1.1
[INFO] [stderr]    Compiling clang-sys v0.29.3
[INFO] [stderr]    Compiling num-traits v0.2.11
[INFO] [stderr]    Compiling num-integer v0.1.42
[INFO] [stderr]    Compiling atty v0.2.14
[INFO] [stderr]    Compiling which v3.1.1
[INFO] [stderr]    Compiling libloading v0.5.2
[INFO] [stderr]    Compiling quote v1.0.6
[INFO] [stderr]    Compiling bindgen v0.54.0
[INFO] [stderr]    Compiling clap v2.33.1
[INFO] [stderr]     Checking time v0.1.43
[INFO] [stderr]     Checking colored v1.9.3
[INFO] [stderr]     Checking rand_core v0.5.1
[INFO] [stderr]     Checking rand_chacha v0.2.2
[INFO] [stderr]     Checking rand v0.7.3
[INFO] [stderr]     Checking chrono v0.4.11
[INFO] [stderr]    Compiling regex v1.3.9
[INFO] [stderr]     Checking simple_logger v1.6.0
[INFO] [stderr]    Compiling cexpr v0.4.0
[INFO] [stderr]    Compiling env_logger v0.7.1
[INFO] [stderr]    Compiling agrippa v0.1.0 (/opt/rustwide/workdir)
[INFO] [stderr] error: failed to run custom build command for `agrippa v0.1.0 (/opt/rustwide/workdir)`
[INFO] [stderr] 
[INFO] [stderr] Caused by:
[INFO] [stderr]   process didn't exit successfully: `/opt/rustwide/target/debug/build/agrippa-bddf4612d927cad4/build-script-build` (exit code: 101)
[INFO] [stderr]   --- stdout
[INFO] [stderr]   cargo:include=vendor/liburing/src/include/
[INFO] [stderr]   cargo:include=vendor/rdma-core/build/include
[INFO] [stderr]   cargo:include=vendor/rdma-core/kernel-headers
[INFO] [stderr]   cargo:rustc-link-search=native=vendor/liburing/src
[INFO] [stderr]   cargo:rustc-link-search=native=vendor/rdma-core/build/lib
[INFO] [stderr]   cargo:rustc-link-lib=uring
[INFO] [stderr]   cargo:rustc-link-lib=ibverbs
[INFO] [stderr]   cargo:rerun-if-env-changed=vendor/liburing/src/include/liburing.h
[INFO] [stderr]   cargo:rerun-if-env-changed=vendor/rdma-core/libibverbs/verbs.h
[INFO] [stderr] 
[INFO] [stderr]   --- stderr
[INFO] [stderr]   make: *** No targets specified and no makefile found.  Stop.
[INFO] [stderr]   bash: build.sh: No such file or directory
[INFO] [stderr]   warning: argument unused during compilation: '-Lvendor/liburing/src' [-Wunused-command-line-argument]
[INFO] [stderr]   include-file.h:2:10: fatal error: 'liburing.h' file not found
[INFO] [stderr]   warning: argument unused during compilation: '-Lvendor/liburing/src' [-Wunused-command-line-argument], err: false
[INFO] [stderr]   include-file.h:2:10: fatal error: 'liburing.h' file not found, err: true
[INFO] [stderr]   thread 'main' panicked at 'called `Result::unwrap()` on an `Err` value: ()', build.rs:65:10
[INFO] [stderr]   stack backtrace:
[INFO] [stderr]      0:     0x560b6711fa15 - backtrace::backtrace::libunwind::trace::h5e2646fa3eddf2ea
[INFO] [stderr]                                  at /cargo/registry/src/github.com-1ecc6299db9ec823/backtrace-0.3.46/src/backtrace/libunwind.rs:86
[INFO] [stderr]      1:     0x560b6711fa15 - backtrace::backtrace::trace_unsynchronized::hb95dd7f77ce47877
[INFO] [stderr]                                  at /cargo/registry/src/github.com-1ecc6299db9ec823/backtrace-0.3.46/src/backtrace/mod.rs:66
[INFO] [stderr]      2:     0x560b6711fa15 - std::sys_common::backtrace::_print_fmt::h5e71b67af43fd70d
[INFO] [stderr]                                  at src/libstd/sys_common/backtrace.rs:78
[INFO] [stderr]      3:     0x560b6711fa15 - <std::sys_common::backtrace::_print::DisplayBacktrace as core::fmt::Display>::fmt::hdb4a83d2b61107e5
[INFO] [stderr]                                  at src/libstd/sys_common/backtrace.rs:59
[INFO] [stderr]      4:     0x560b6714959c - core::fmt::write::ha20e7262fa3e8a7a
[INFO] [stderr]                                  at src/libcore/fmt/mod.rs:1076
[INFO] [stderr]      5:     0x560b6711c0b2 - std::io::Write::write_fmt::h1aebfe8a5a79e36d
[INFO] [stderr]                                  at src/libstd/io/mod.rs:1537
[INFO] [stderr]      6:     0x560b67122070 - std::sys_common::backtrace::_print::h9c07314cc66ba539
[INFO] [stderr]                                  at src/libstd/sys_common/backtrace.rs:62
[INFO] [stderr]      7:     0x560b67122070 - std::sys_common::backtrace::print::hd1fd65f49a2d8544
[INFO] [stderr]                                  at src/libstd/sys_common/backtrace.rs:49
[INFO] [stderr]      8:     0x560b67122070 - std::panicking::default_hook::{{closure}}::h222da46485ab36fc
[INFO] [stderr]                                  at src/libstd/panicking.rs:198
[INFO] [stderr]      9:     0x560b67121dbc - std::panicking::default_hook::hc5868949d129ed00
[INFO] [stderr]                                  at src/libstd/panicking.rs:217
[INFO] [stderr]     10:     0x560b671226b3 - std::panicking::rust_panic_with_hook::h26a6ab8b0993c0c8
[INFO] [stderr]                                  at src/libstd/panicking.rs:526
[INFO] [stderr]     11:     0x560b671222ab - rust_begin_unwind
[INFO] [stderr]                                  at src/libstd/panicking.rs:437
[INFO] [stderr]     12:     0x560b67147c51 - core::panicking::panic_fmt::h17139c2000299725
[INFO] [stderr]                                  at src/libcore/panicking.rs:85
[INFO] [stderr]     13:     0x560b67147a73 - core::option::expect_none_failed::h972f96abb4ec8952
[INFO] [stderr]                                  at src/libcore/option.rs:1269
[INFO] [stderr]     14:     0x560b66bc9675 - core::result::Result<T,E>::unwrap::hb82f607c8110d391
[INFO] [stderr]                                  at /rustc/cfbc6d4cf1acbac5c025acf8ed68929caa551df3/src/libcore/result.rs:1005
[INFO] [stderr]     15:     0x560b66bc89ca - build_script_build::main::h5d11379a828b78ae
[INFO] [stderr]                                  at /opt/rustwide/workdir/build.rs:41
[INFO] [stderr]     16:     0x560b66bc936b - std::rt::lang_start::{{closure}}::h8430bbe249e4d9a4
[INFO] [stderr]                                  at /rustc/cfbc6d4cf1acbac5c025acf8ed68929caa551df3/src/libstd/rt.rs:67
[INFO] [stderr]     17:     0x560b67122a83 - std::rt::lang_start_internal::{{closure}}::h84a998219831fa70
[INFO] [stderr]                                  at src/libstd/rt.rs:52
[INFO] [stderr]     18:     0x560b67122a83 - std::panicking::try::do_call::he8e1d689a3e26def
[INFO] [stderr]                                  at src/libstd/panicking.rs:348
[INFO] [stderr]     19:     0x560b67122a83 - std::panicking::try::h264b6eebc2fa7bbf
[INFO] [stderr]                                  at src/libstd/panicking.rs:325
[INFO] [stderr]     20:     0x560b67122a83 - std::panic::catch_unwind::hbf28fafa723b2128
[INFO] [stderr]                                  at src/libstd/panic.rs:394
[INFO] [stderr]     21:     0x560b67122a83 - std::rt::lang_start_internal::he959aa59bc3ec202
[INFO] [stderr]                                  at src/libstd/rt.rs:51
[INFO] [stderr]     22:     0x560b66bc9347 - std::rt::lang_start::h10d060c09b706484
[INFO] [stderr]                                  at /rustc/cfbc6d4cf1acbac5c025acf8ed68929caa551df3/src/libstd/rt.rs:67
[INFO] [stderr]     23:     0x560b66bc8afa - main
[INFO] [stderr]     24:     0x7f8ee96b00b3 - __libc_start_main
[INFO] [stderr]     25:     0x560b66bc819e - _start
[INFO] [stderr]     26:                0x0 - <unknown>
[INFO] running `Command { std: "docker" "inspect" "e48c5e878c92b9c6c78c2fa6c4d4682dd1d426e7501dd43a4d2aa7042ddc49fc", kill_on_drop: false }`
[INFO] running `Command { std: "docker" "rm" "-f" "e48c5e878c92b9c6c78c2fa6c4d4682dd1d426e7501dd43a4d2aa7042ddc49fc", kill_on_drop: false }`
[INFO] [stdout] e48c5e878c92b9c6c78c2fa6c4d4682dd1d426e7501dd43a4d2aa7042ddc49fc
